{"id":3578,"date":"2023-09-25T15:15:38","date_gmt":"2023-09-25T13:15:38","guid":{"rendered":"https:\/\/zoska.waw.pl\/?page_id=3578"},"modified":"2023-09-25T15:21:17","modified_gmt":"2023-09-25T13:21:17","slug":"ogloszenie-o-naborze-ofert-na-realizacje-wycieczki-szkolnej-wieden","status":"publish","type":"page","link":"https:\/\/zoska.waw.pl\/?page_id=3578","title":{"rendered":"Og\u0142oszenie o naborze ofert\u00a0na: realizacj\u0119 wycieczki szkolnej\u00a0WIEDE\u0143, &#8230;"},"content":{"rendered":"\n<p class=\"has-black-color has-luminous-vivid-amber-background-color has-text-color has-background has-large-font-size\">Og\u0142oszenie o naborze ofert&nbsp;na: realizacj\u0119 wycieczki szkolnej&nbsp;&nbsp;WIEDE\u0143 + O\u0141OMUNIEC + BRNO + MORAWSKI KRAS &#8211; 3 dni w pa\u017adzierniku 2023 roku<\/p>\n\n\n\n<div data-wp-interactive=\"core\/file\" class=\"wp-block-file\"><object data-wp-bind--hidden=\"!state.hasPdfPreview\" hidden class=\"wp-block-file__embed\" data=\"https:\/\/zoska.waw.pl\/wp-content\/uploads\/2023\/09\/Zalacznik-nr.3-ogloszenie-konkurs-usluga-spoleczna-Austria.pdf\" type=\"application\/pdf\" style=\"width:100%;height:600px\" aria-label=\"Osadzone z Zalacznik-nr.3-ogloszenie-konkurs-usluga-spoleczna-Austria.\"><\/object><a id=\"wp-block-file--media-8b135dc7-f227-4718-9823-6c02fce1b945\" href=\"https:\/\/zoska.waw.pl\/wp-content\/uploads\/2023\/09\/Zalacznik-nr.3-ogloszenie-konkurs-usluga-spoleczna-Austria.pdf\">Zalacznik-nr.3-ogloszenie-konkurs-usluga-spoleczna-Austria<\/a><a href=\"https:\/\/zoska.waw.pl\/wp-content\/uploads\/2023\/09\/Zalacznik-nr.3-ogloszenie-konkurs-usluga-spoleczna-Austria.pdf\" class=\"wp-block-file__button wp-element-button\" download aria-describedby=\"wp-block-file--media-8b135dc7-f227-4718-9823-6c02fce1b945\">Pobierz<\/a><\/div>\n","protected":false},"excerpt":{"rendered":"<p>Og\u0142oszenie o naborze ofert&nbsp;na: realizacj\u0119 wycieczki szkolnej&nbsp;&nbsp;WIEDE\u0143 + O\u0141OMUNIEC + BRNO + MORAWSKI KRAS &#8211; 3 dni w pa\u017adzierniku 2023 roku<\/p>\n","protected":false},"author":5,"featured_media":0,"parent":0,"menu_order":0,"comment_status":"closed","ping_status":"closed","template":"","meta":{"footnotes":""},"class_list":["post-3578","page","type-page","status-publish","hentry"],"_links":{"self":[{"href":"https:\/\/zoska.waw.pl\/index.php?rest_route=\/wp\/v2\/pages\/3578","targetHints":{"allow":["GET"]}}],"collection":[{"href":"https:\/\/zoska.waw.pl\/index.php?rest_route=\/wp\/v2\/pages"}],"about":[{"href":"https:\/\/zoska.waw.pl\/index.php?rest_route=\/wp\/v2\/types\/page"}],"author":[{"embeddable":true,"href":"https:\/\/zoska.waw.pl\/index.php?rest_route=\/wp\/v2\/users\/5"}],"replies":[{"embeddable":true,"href":"https:\/\/zoska.waw.pl\/index.php?rest_route=%2Fwp%2Fv2%2Fcomments&post=3578"}],"version-history":[{"count":2,"href":"https:\/\/zoska.waw.pl\/index.php?rest_route=\/wp\/v2\/pages\/3578\/revisions"}],"predecessor-version":[{"id":3587,"href":"https:\/\/zoska.waw.pl\/index.php?rest_route=\/wp\/v2\/pages\/3578\/revisions\/3587"}],"wp:attachment":[{"href":"https:\/\/zoska.waw.pl\/index.php?rest_route=%2Fwp%2Fv2%2Fmedia&parent=3578"}],"curies":[{"name":"wp","href":"https:\/\/api.w.org\/{rel}","templated":true}]}}